 2*v - 7. Is 33 a factor of q(5)?
True
Let v(a) = -3*a + 11. Let p be v(5). Is (6/1)/(p/(-32)) a multiple of 18?
False
Let q = 2 + 10. Does 6 divide q?
True
Let m(s) be the third derivative of 0 - 1/60*s**5 + 0*s - 4*s**2 - 13/24*s**4 - 2/3*s**3. Is m(-10) a multiple of 13?
True
Let q(r) = r**2 - 6*r - 87. Does 5 divide q(14)?
True
Let b(f) = -2 + 1 + f - 4*f. Suppose 35 = -19*j + 14*j. Is 9 a factor of b(j)?
False
Suppose 3*i - 32 = 2*d + 103, 225 = 5*i + 3*d. Does 17 divide i?
False
Let d(j) = -j**2 + 8*j + 7. Let n be d(8). Suppose -5*i + 25 = -5*z, -3*z - 16 = -i - n. Does 2 divide i?
False
Let l = 10 - 17. Let c(m) = 2*m - 3. Let r be c(l). Let g = 56 + r. Is g a multiple of 14?
False
Let v(y) = 2*y**2 - 3*y. Let k be v(2). Suppose 5*l + h = l + 115, l + k*h - 27 = 0. Let a = l - 16. Is a a multiple of 11?
False
Let s = 57 + 18. Does 15 divide s?
True
Let j = 51 + -39. Is 6 a factor of j?
True
Let w = 21 - 10. Does 11 divide w?
True
Let r = 126 + -88. Is r a multiple of 14?
False
Suppose -2*s + 40 = -18. Is 29 a factor of s?
True
Is 2 a factor of (1/1)/2*10?
False
Let l = -4 - -34. Is l a multiple of 17?
False
Let f(o) = -o**3 + o**2 + 3*o + 1. Let s be f(-2). Suppose -5*n = -s*n + 56. Is 7 a factor of n?
True
Suppose -3*k + 0*k = 0. Suppose -m + 4*m - 33 = k. Does 8 divide m?
False
Let j = -83 - -126. Let r = j + -28. Is 15 a factor of r?
True
Suppose 5*l - 109 = -3*x - 16, -5*x = -4*l - 192. Let v be (1 - -3)*(-5)/(-4). Suppose x = -2*w + v*w. Is 7 a factor of w?
False
Suppose -2 = g - 5. Let p = g + -1. Let q(t) = -t**2 + 4*t. Does 4 divide q(p)?
True
Let b(n) = 7*n - 6. Let i(s) = -15*s + 13. Let y(z) = 5*b(z) + 2*i(z). Does 6 divide y(4)?
False
Let z be 1*(6 + (0 - 1)). Let u(g) = g**3 - 3*g**2 - 3*g + 2. Is u(z) a multiple of 14?
False
Let b be 0 - 0 - (-5 + 0). Suppose -p + 242 = b*a, -3*p = 3*a + 2*p - 154. Is 14 a factor of a?
False
Is 16 a factor of 6/33 + (-625)/(-11)?
False
Let g be (5*-3)/((-8)/40). Suppose -2*u = 9 - g. Does 11 divide u?
True
Let o = 10 + -4. Is o even?
True
Let i(n) = n**3 - 7*n**2 - 9*n + 9. Let b be i(6). Let u = -57 - b. Does 12 divide u?
True
Suppose 0 = 2*o + o - 12. Suppose 5*d + 36 = -o*w, 3*d - 3*w + 7 + 20 = 0. Is 5 a factor of (-2)/8 - 82/d?
True
Let p be (2 + 5/(-2))*0. Suppose p*d + 42 = 2*d. Is d a multiple of 6?
False
Let g(c) = 3*c**2 - 11*c + 7. Let x be g(7). Suppose 0 = -2*j - v + x, 3*j = -3*v + 2*v + 118. Does 15 divide j?
False
Suppose 0*f - o - 23 = -4*f, o = -2*f + 7. Suppose 2*g - f*g = -57. Does 7 divide g?
False
Let f be (-2)/(-3 + (-1 - -2)). Suppose -y = -6 - f. Is 3 a factor of y?
False
Let t = 39 + -28. Is t a multiple of 11?
True
Does 32 divide -12*218/(-9) - (-3)/9?
False
Let h be (-138)/(-2) - 1*-1. Suppose 0*f + 5*f - h = -3*i, 2*i - 4*f - 54 = 0. Suppose 5*m = -4*k + 7, 5*k + 0*m = -3*m + i. Does 5 divide k?
False
Let x(g) = g**2 + 5*g - 8. Let f be x(8). Suppose 0 = -c - 2*c + f. Is 24 a factor of c?
False
Let r(t) = 2*t**2 - 1. Let m be r(2). Let q = m + -9. Is (-55)/(-2) + (-1)/q a multiple of 14?
True
Suppose -2*q + 4*z = -46, -q + 4*z + 41 = 14. Suppose b + 46 = 3*f, f + b - 5*b = q. Does 15 divide 146/10 + 6/f?
True
Suppose 3*w + 120 = -2*w. Let i = 41 + w. Does 10 divide i?
False
Is (-88)/55*40/(-2) a multiple of 14?
False
Is 8 a factor of (-2)/(-12) - 4592/(-96)?
True
Let s(a) = 10*a + 1. Let k be s(-1). Does 6 divide 3*2/(-9)*k?
True
Suppose -r + 1 = -2*r, 0 = -5*a - 5*r + 20. Suppose a*f - 4*u - 10 = -u, 3*u - 10 = f. Suppose 0 = -d - 4*k + 4, f*d - 45 = 5*k. Is d a multiple of 8?
True
Suppose 4*u = 4*c - 40, 3*c - 4*u - 15 = 4*c. Let i = 5 + c. Is i a multiple of 5?
True
Let c(a) = -2 - 6 + 3 - a. Let y be c(-7). Suppose -h = 5*q + y*h - 186, 3*q = 3*h + 102. Is q a multiple of 11?
False
Let l(j) = 12*j + 6. Let g(t) = -t - 1. Let m(i) = 18*g(i) + 2*l(i). Let a be m(5). Let v = a + -14. Does 5 divide v?
True
Let i(p) = -p**3 - p**2 - 5*p - 4. Let j(v) = -2*v + 9. Let o be j(6). Does 8 divide i(o)?
False
Let g = -4 + 25. Does 5 divide g?
False
Suppose -3*d = -2*h + 502, d - 298 = -h - 57. Is 22 a factor of h?
False
Let x(n) = -n - 16. Let k be x(-8). Does 8 divide (-30)/9*36/k?
False
Suppose -15*s = 4*s - 456. Is s a multiple of 12?
True
Let h(m) = -m**2 + 3*m + 3. Let l be h(3). Suppose -l*f - 3*x + 45 = x, x = f - 22. Is 19 a factor of f?
True
Let z be -2 - 5*(1 + -2). Suppose 6*f = 2*n + 3*f, 0 = 2*n + 4*f. Suppose -l = 3*l + 5*k - 86, n = -z*l + 4*k + 49. Is l a multiple of 10?
False
Suppose 2*r + 506 = 4*r + 5*u, 5*r - 5*u - 1300 = 0. Is 13 a factor of r?
False
Let w be 2/(-11) - (-414)/(-22). Let g = w - -38. Is g a multiple of 10?
False
Let n(c) = -c**3 - 8*c**2 - 8*c - 8. Let h be n(-7). Does 16 divide h + 52 - (-1 + 4)?
True
Suppose 3*z + 2*z + 3*f + 208 = 0, 3*z = -4*f - 127. Let q = 61 + z. Does 10 divide q?
True
Let x(j) = -j - 3. Let z be x(-5). Suppose 3*n - 12 = z*n. Does 6 divide n?
True
Let a(t) = t**3 - 3*t**2 - 4*t. Let k be a(4). Suppose k = -h - 4 + 64. Is h a multiple of 20?
True
Let w be (-134)/((-8)/2 - -2). Suppose 0 = -3*r + 59 + w. Let y = r + 2. Is 20 a factor of y?
False
Is (1 - 3)*-1 + 9 a multiple of 2?
False
Suppose -g + 4 = 1. Let t(z) = -3*z**2 - 2. Let x be t(g). Does 4 divide (-2)/4 - x/2?
False
Let o be ((-8)/(-10))/((-2)/(-5)). Suppose 0*m = o*m + 64. Let v = 66 + m. Does 19 divide v?
False
Let j(l) = l**2 + 3*l - 1. Let k be j(-4). Suppose k*s = -0*s + 21. Does 2 divide s?
False
Let j = 50 - 17. Suppose 2 = -n - 15. Let i = j + n. Is 7 a factor of i?
False
Suppose -2*p = -5*m + 371, -3*m - p - 2*p + 231 = 0. Let n(r) = -10*r**2 - 2*r. Let h be n(-2). Let f = h + m. Is f a multiple of 18?
False
Let j(s) = -2*s - 3. Does 5 divide j(-7)?
False
Suppose -3*a - 16 + 46 = 0. Let n(o) = -o**3 + 11*o**2 - 5*o - 12. Is n(a) a multiple of 19?
True
Let h = 20 + -2. Is (-27)/h*(-52)/6 a multiple of 12?
False
Suppose -3*o + 58 = -35. Suppose -o = v - 83. Is 11 a factor of v?
False
Suppose y + 7 = -2*k, -27 = -y - 3*y + 3*k. Suppose i = -y*i. Suppose i = -3*z - z + 40. Is 10 a factor of z?
True
Suppose 5*m + 45 = 3*c, 0 = -4*m - 0*m - 3*c - 63. Let z = -1 + -6. Let d = z - m. Is d even?
False
Suppose 8*l + 10 = 9*l. Is 5 a factor of l?
True
Let x(j) = -j + 24. Let r be x(0). Let y = 4 + -6. Let w = r + y. Does 11 divide w?
True
Suppose -2*f = 2*l - 10, 5*f - 25 = -4*l - 9. Let z = -6 + l. Suppose -z*u = -6 - 24. Is u a multiple of 8?
False
Let r(u) = u - 1. Let g be r(5). Suppose -g*f - 25 = -2*q - 1, 3*q - 71 = -f. Is 9 a factor of q?
False
Let q be (-2)/(-4 + 2) + 630. Suppose 186 - q = -5*l. Does 25 divide l?
False
Let w(o) = -o - 2. Let y be w(-6). Suppose 0 = p - 4, -4*b - y*p = p - 28. Suppose 3*r - 62 = -b*g, -9 = -r - 0*g - 3*g. Is 17 a factor of r?
False
Let s = 9 - 6. Suppose -5*m = s*d - 31 - 34, -4*m - 170 = -5*d. Does 10 divide 3/(((-63)/d)/(-7))?
True
Let o = 3 - 7. Let q be ((-2)/4)/(1/o). Suppose -q*y + 37 = v + 14, -y = -3*v + 48. Is 7 a factor of v?
False
Let a = 36 + -21. Suppose -5 = -5*c + a. Suppose 0 = -4*h - 5*n + 19, 0 = n + c*n + 5. Does 4 divide h?
False
Let z(y) = 12*y**2 - 1. Suppose 2*p - 6*p + 4*d - 16 = 0, -5*d + 10 = 5*p. Is z(p) a multiple of 11?
True
Let i(q) = q + 1. Let f(l) = 2*l + 2. Let k(d) = -3*f(d) + 2*i(d). Does 14 divide k(-6)?
False
Does 3 divide 3*3 - ((-7)/7 + 1)?
True
Let w = 8 + -4. Suppose -8*m = -7*m - w. Does 4 divide m?
True
Let n(b) = 16*b - 8. Suppose j - 15 = -3*v - 0*j, 5*v = 3*j + 11. Does 19 divide n(v)?
False
Let o(c) = c**2 - 2*c - 7. Let x be o(5). Suppose -2*b + 0*b = 10. Let d = x + b. Is d even?
False
Let v(t) = t**2 - 3*t + 10. Does 11 divide v(8)?
False
Does 18 divide (164 - 3) + -2 - (-4 - -1)?
True
Let r(p) = -p**3 + p**2 + p + 4. Let h be r(0). Suppose h*z + 8 = 0, 4*z - 36 = -5*f + 4*f. Does 13 divide f?
False
Suppose 4*j = i + 18 - 2, -3*j - 4*i - 7 = 0. Suppose -2*o = 3*o + w - 45, j*o = 4*w + 4. Is o a multiple of 5?
False
Let f(v) = v + 9. Let r be f(-7). Suppose 2*a + r*a - 120 = 0. Is 15 a factor of a?
True
Is 7 a factor of 79 + -5 + -5 + 0 + 1?
True
Let s = -111 + 358. Is s a multiple of 20?
False
Let q(v) = 14*v**2 + v + 5. Is q(-2) a multiple of 6?
False
Let l = -556 + 387. Let u = -100 - l. Does 23 divide u?
True
Let y(n) = -n**3 - n**2 + 3*n - 4. Let g 